*z**2 - 6. Calculate the remainder when f(-3) is divided by i.
1
Calculate the remainder when (41/2)/(6/36) is divided by 33.
24
Suppose 0 = c + 2*c. Suppose j - 5*j - 168 = c. What is the remainder when -3 + 2 - (j - 1) is divided by 11?
9
What is the remainder when 146 is divided by 145/4 + (360/(-32))/(-15)?
35
Let f = -72 - -139. What is the remainder when f is divided by 34?
33
Let w(z) = 8*z**2 - z - 11. Calculate the remainder when w(-3) is divided by 15.
4
Let g(y) = y**2 + y + 19. Suppose 5*f = -p - 2*p + 1105, 4*p + f = 1496. Suppose -450 = -k - p. What is the remainder when k is divided by g(0)?
18
Let i = -1 - -8. Let u be -20*(63/(-12))/3. Let b = u + -17. Calculate the remainder when b is divided by i.
4
Let p be 0/1 - 24/(-6). Suppose 0*q + 1844 = -p*q. What is the remainder when q/(-9) - (-14)/(-63) is divided by 13?
12
Let b(d) = -d + 10. Let j be b(3). Let z(n) = 4*n**2 - 24*n - 2. Calculate the remainder when 49 is divided by z(j).
23
Let f be 12*4*2/4. Let i be 772/60 - (39/45 - 1). Let x = f + i. Calculate the remainder when x is divided by 19.
18
Let f = -1215 - -1219. What is the remainder when 36 is divided by f?
0
Let b(z) = -1 - z + 2*z + 4*z + 3. Calculate the remainder when b(16) is divided by 17.
14
Suppose 0 = 37*y - 47*y + 330. Calculate the remainder when y is divided by 18.
15
Suppose 222*q = 221*q + 41. What is the remainder when 239 is divided by q?
34
Let t = -4 - -4. Suppose 5*j + 3*l - 16 - 8 = t, -5*j - 5*l = -30. Let d(g) = 10*g. What is the remainder when 89 is divided by d(j)?
29
Let o = 259 + -285. Suppose 0 = -5*k - 0*k - 90. Let w = k - o. What is the remainder when 22 is divided by w?
6
Let b = -23 + 38. Suppose -20 = 5*a, -q - 2*a = -2*q + b. Suppose -2*f + 13 = -9. Calculate the remainder when f is divided by q.
4
Let d(a) = 17*a**2 + 12*a + 33. Let v be d(-3). Let l = 158 - v. Calculate the remainder when l is divided by 6.
2
Let i(k) = 0 - k - 1 + 2 + 0. Let j be i(-3). Suppose -3*y + 5*u = -90 + 26, 0 = j*y - 5*u - 77. What is the remainder when y is divided by 5?
3
Let n(m) = 4*m**2 + 12*m - 40. Calculate the remainder when n(-9) is divided by 41.
12
Let a(y) = 53*y**2 + 7*y - 3. Calculate the remainder when 223 is divided by a(1).
52
Let s be (-2)/(-7) - (-250)/7. Calculate the remainder when (-3)/(s/37 + -1) is divided by (84/16)/(-5 + (-249)/(-48)).
27
Let t = -138 - -658. What is the remainder when t is divided by 9?
7
Let b = 730 - 284. What is the remainder when 48 is divided by b/18 - ((-427)/(-63) - 7)?
23
Let g = 86 + -86. Suppose g*n - 352 = -8*n. Calculate the remainder when 175 is divided by n.
43
Let o(f) = f**3 + 7*f**2 + 3*f. Suppose 0 = 3*x + 2*b - 525, -179 = -x + 23*b - 25*b. What is the remainder when x is divided by o(-5)?
33
Suppose 4*x = 5*x + 16. Let j be (x/6)/(20/(-30)). Calculate the remainder when 24 is divided by 3*(-1 + j/1).
6
Calculate the remainder when 61 is divided by 130/(-25)*(-15 + 10).
9
Let s(l) = 16*l**2 + 9*l. Let w(f) = -31*f**2 - 17*f. Let r(v) = -11*s(v) - 6*w(v). What is the remainder when 100 is divided by r(-2)?
32
Suppose -10*d - 10 = 10. Calculate the remainder when 18 is divided by ((-1)/(-3))/(d/(-48)).
2
Let n = -52 + 72. Suppose 0 = r - 4*x + 34, -x - 21 - 98 = 4*r. Calculate the remainder when 576/10 + (-12)/r is divided by n.
18
Suppose 14*u - 14 = -2*w + 13*u, -u = -2*w + 22. What is the remainder when 15 is divided by w?
6
Let n(z) = 16*z + 356. Calculate the remainder when n(-19) is divided by 12.
4
Let l(y) = -2*y**2 - 25*y + 37. Let q(c) = c**3 + 6*c**2 - 3*c + 1. What is the remainder when l(-5) is divided by q(-6)?
17
Let b be (-1)/7 - 451/77. Let m = 9 + b. Suppose 52 = -m*c + 157. Calculate the remainder when c is divided by 19.
16
Calculate the remainder when 13/((-455)/20) - 1523/(-7) is divided by 44.
41
Let s(a) = 2*a**2 - 183*a - 1374. Calculate the remainder when s(-8) is divided by 34/(1 + 1)*1.
14
Let s(o) = 3*o + 9. Let u = -1 - -1. Suppose -m + 7 = -u*m. What is the remainder when s(6) is divided by m?
6
Suppose 5*m + 0*m = 5*c + 5, -5*m = -c - 21. Let i = 78 - 78. Calculate the remainder when 11 + -1 + i + 4 is divided by c.
2
Let a = -228 + 293. What is the remainder when a is divided by 24?
17
Suppose 61*p + 450 = 3*i + 64*p, -2*i - 3*p + 297 = 0. Calculate the remainder when i is divided by 29.
8
Suppose -9 = g - 5*j, -2*g + 3*g - 4*j + 5 = 0. What is the remainder when 208 is divided by g?
10
Let t(b) = b**3 + 11*b**2 + 9*b + 36. What is the remainder when 118 is divided by t(-10)?
26
Let z = -15 + 20. Suppose z*f = -0*f + 255. What is the remainder when f is divided by (-1)/(106/(-52) - -2)?
25
Let w = 579 - 574. Calculate the remainder when 72 is divided by w.
2
Let c = 639 + -529. Calculate the remainder when c is divided by 14.
12
Let h(x) = 6*x**2 - 2*x + 4. Calculate the remainder when 60 is divided by h(2).
12
Let y = -174 - -361. Suppose 2*u = -4*d + 114, 3*u - y = -0*u - 2*d. Calculate the remainder when u is divided by 17.
14
Suppose 7*m - 3*m = -3*n + 135, 3*m - 214 = -5*n. Suppose 0 = 15*r - 9*r - 96. What is the remainder when n is divided by r?
9
Suppose 4*j - 67 = -3*g, -4*j + 3*j + 7 = 4*g. What is the remainder when j is divided by (1 - 2)/(216/(-42) - -5)?
5
What is the remainder when 1041 is divided by ((-1)/(-2))/((-13)/(-1431 - -1))?
51
Let w(u) = -14*u - 2. Let i be w(-1). Let s = 12 - i. Suppose 3*b + 18 - 51 = s. What is the remainder when b is divided by 7?
4
Let m = -143 - -413. Suppose 5*d + 20 - m = 0. What is the remainder when d is divided by 14?
8
Suppose 1549 = 14*p - 2441. Let t = -162 + p. What is the remainder when t is divided by 31?
30
What is the remainder when 13 is divided by (((-4)/(-2))/4)/((-74)/(-888))?
1
Suppose -3*a = 125 - 431. What is the remainder when a is divided by 3?
0
Let f be 1/(-2)*(3/1 - 1). Let t(a) = -17*a - 2 - 1 + 1. Calculate the remainder when t(f) is divided by 4.
3
Suppose -51 = 22*l - 25*l. What is the remainder when 59 is divided by -3 + 0/(-3) + (l - -2)?
11
Suppose 0 = -3*d - 88 + 34. Let h = 23 + d. Suppose -143 = -2*z + h*m - 27, -290 = -5*z + 2*m. Calculate the remainder when z is divided by 15.
13
Suppose 3*u + 12 = 0, -5*v = 22*u - 25*u - 107. What is the remainder when 85 is divided by v?
9
Let p(a) = -a - 2. Suppose 0 = -3*n + 5*j - 26 - 32, 5*j + 8 = -3*n. What is the remainder when p(n) is divided by 6?
3
Suppose -3*g = -3*q - 2*g + 45, 0 = q - g - 13. What is the remainder when 461 is divided by q?
13
Let r be ((-782)/170)/(((-2)/5)/2). Suppose -3*b + 146 = 2*y, -y - 5*b = -50 - r. Calculate the remainder when y is divided by 21.
10
Suppose 0*v - 18 = v. Let i be (-3 - (-24)/9)*v. Let s(o) = 2*o**2 - 8*o - 6. Calculate the remainder when s(i) is divided by 10.
8
Let p(d) = d - 7. Let x be p(-11). Let m = 3 - x. What is the remainder when (11/2 - 1)*18 is divided by m?
18
Let w(y) be the third derivative of y**6/120 + 7*y**5/60 + y**4/8 + 2*y**3/3 - 23*y**2. What is the remainder when 152 is divided by w(-3)?
28
Let l = 1129 + -1060. Calculate the remainder when l is divided by 8.
5
Let t(m) = m**3 - 7*m**2 - 9*m + 13. Let c be t(8). Suppose -c*k + 305 = 3*j, -3*k - 69 = 2*j - 252. What is the remainder when k is divided by 16?
13
Suppose 0 = -8*a + 7*a + 80. Let v be (a/12)/(2/15). Let g = 77 - v. Calculate the remainder when 78 is divided by g.
24
Let f(l) = -12*l**2 + 21*l. Let n(o) = -4*o**2 + o**2 + 0*o**2 - 5*o + 10*o. Let j(z) = 5*f(z) - 21*n(z). Calculate the remainder when 11 is divided by j(1).
2
Suppose -3*v + 2*v + 5 = 0. Calculate the remainder when (0 + 2/6)*1005/v is divided by 14.
11
Let a(x) = 6*x - 7. Let o be a(2). Suppose w + 3*k = 46, o*k = -2*w - 38 + 127. Calculate the remainder when w is divided by 13.
11
Suppose -2*f = -5*n + 3*f + 135, -5*n + 111 = 3*f. Let i = 42 - 37. Let q(g) = -2*g**3 + 11*g**2 + 5*g - 3. Calculate the remainder when q(i) is divided by n.
23
Suppose 11*u - 157 = 822. What is the remainder when u is divided by 19?
13
Calculate the remainder when 607 is divided by 539/(-28)*1/((-1)/4).
68
Suppose 5*z + 9*o - 155 = 14*o, 3*o = 3. Suppose -g + 0*g + 15 = -3*b, 0 = -4*g - 3*b + 45. Calculate the remainder when z is divided by g.
8
Suppose 4*c - 210 = -5*p + c, p = c + 34. Let h(n) = 118*n - 1